der when 282441873 is divided by 29?
27
What is the remainder when 2257348 is divided by 123?
52
What is the remainder when 1571310 is divided by 365?
350
Calculate the remainder when 297636 is divided by 455.
66
What is the remainder when 1285398 is divided by 42845?
48
What is the remainder when 258479 is divided by 577?
560
Calculate the remainder when 11199325 is divided by 30025.
0
What is the remainder when 9126584 is divided by 75?
59
Calculate the remainder when 54036 is divided by 3000.
36
Calculate the remainder when 85108 is divided by 21245.
128
Calculate the remainder when 124002 is divided by 672.
354
What is the remainder when 109819453 is divided by 32?
29
Calculate the remainder when 31141484 is divided by 10380484.
32
What is the remainder when 55950407 is divided by 680?
7
Calculate the remainder when 149306 is divided by 3047.
3
What is the remainder when 9016731 is divided by 2698?
15
Calculate the remainder when 251938 is divided by 69.
19
Calculate the remainder when 1901690 is divided by 271667.
21
Calculate the remainder when 669280 is divided by 3806.
3230
What is the remainder when 839950 is divided by 23326?
214
What is the remainder when 21641 is divided by 21590?
51
Calculate the remainder when 58294 is divided by 596.
482
What is the remainder when 112863 is divided by 55792?
1279
What is the remainder when 105452 is divided by 4395?
4367
Calculate the remainder when 3519572 is divided by 196.
0
What is the remainder when 1378335 is divided by 7787?
36
What is the remainder when 97821 is divided by 97524?
297
What is the remainder when 2639413 is divided by 1319699?
15
What is the remainder when 87999448 is divided by 23?
22
Calculate the remainder when 142245556 is divided by 3308036.
8
Calculate the remainder when 4079247 is divided by 96.
15
Calculate the remainder when 15837 is divided by 2262.
3
What is the remainder when 2807206 is divided by 245?
241
Calculate the remainder when 3837001 is divided by 538.
523
What is the remainder when 8126 is divided by 209?
184
What is the remainder when 1048218 is divided by 314?
86
What is the remainder when 532689 is divided by 1322?
1245
Calculate the remainder when 956845709 is divided by 1294.
1291
Calculate the remainder when 444109 is divided by 26121.
52
Calculate the remainder when 60953051 is divided by 6461.
6438
What is the remainder when 83067595 is divided by 330?
325
What is the remainder when 244686 is divided by 1108?
926
What is the remainder when 81153 is divided by 357?
114
What is the remainder when 3188952 is divided by 797188?
200
What is the remainder when 442084 is divided by 4727?
2473
What is the remainder when 49646 is divided by 3592?
2950
Calculate the remainder when 17589 is divided by 2036.
1301
What is the remainder when 51570 is divided by 29?
8
What is the remainder when 4793392 is divided by 18579?
10
Calculate the remainder when 16833691 is divided by 3366738.
1
What is the remainder when 10121322 is divided by 237?
0
Calculate the remainder when 297959 is divided by 250.
209
Calculate the remainder when 344924 is divided by 6508.
0
What is the remainder when 109473941 is divided by 2174?
2171
Calculate the remainder when 975179 is divided by 2629.
2449
Calculate the remainder when 1023911 is divided by 8002.
7657
Calculate the remainder when 2605152 is divided by 868347.
111
Calculate the remainder when 336129 is divided by 167890.
349
What is the remainder when 477907 is divided by 2233?
45
Calculate the remainder when 1060884 is divided by 56.
20
Calculate the remainder when 18827645 is divided by 224.
221
What is the remainder when 11395182 is divided by 17?
14
What is the remainder when 66915 is divided by 4091?
1459
What is the remainder when 1401281 is divided by 5815?
5681
What is the remainder when 4129497 is divided by 260?
177
Calculate the remainder when 23806627 is divided by 27.
25
What is the remainder when 1388132 is divided by 9?
8
Calculate the remainder when 109451 is divided by 54684.
83
Calculate the remainder when 16098 is divided by 1262.
954
What is the remainder when 45145378 is divided by 22572679?
20
What is the remainder when 63053943 is divided by 43?
33
What is the remainder when 6629863 is divided by 1681?
1680
What is the remainder when 31717679 is divided by 77?
70
What is the remainder when 2539807 is divided by 1084?
1079
What is the remainder when 1587008 is divided by 6900?
8
What is the remainder when 6371202 is divided by 24225?
27
Calculate the remainder when 74081 is divided by 4523.
1713
What is the remainder when 59980 is divided by 19756?
712
Calculate the remainder when 132157 is divided by 2279.
2254
What is the remainder when 1819887 is divided by 1079?
693
Calculate the remainder when 57434110 is divided by 499427.
5
What is the remainder when 11449 is divided by 11163?
286
Calculate the remainder when 23690847 is divided by 319.
312
What is the remainder when 24496926 is divided by 608?
606
Calculate the remainder when 40279678 is divided by 38.
20
What is the remainder when 342270 is divided by 15?
0
What is the remainder when 221244 is divided by 169?
23
What is the remainder when 3039395 is divided by 1237?
86
What is the remainder when 156780 is divided by 72?
36
Calculate the remainder when 16509 is divided by 7385.
1739
Calculate the remainder when 813705 is divided by 874.
11
What is the remainder when 81692 is divided by 2022?
812
What is the remainder when 4794763 is divided by 518?
155
Calculate the remainder when 9544202 is divided by 6881.
255
What is the remainder when 563527130 is divided by 14?
12
What is the remainder when 26573510 is divided by 3537?
29
What is the remainder when 523913 is divided by 243?
5
Calculate the remainder when 43903 is divided by 8772.
43
What is the remainder when 2224933 is divided by 14734?
99
What is the remainder when 104258 is divided by 2190?
1328
What is the remainder when 6756564 is divided by 1754?
156
Calculate the remainder when 5799115 is divided by 7473.
67
Calculate the remainder when 8945409 is divided by 17.
9
Calculate the remainder when 10263953 is divided by 180069.
20
What is the remainder when 3184587 is divided by 1592288?
11
What is the remainder when 157442 is divided by 157407?
35
What is the remainder when 22215 is divided by 5546?
31
What is the remainder when 896488 is divided by 603?
430
What is the remainder when 2306926 is divided by 1575?
1126
Calculate the remainder when 523492 is divided by 709.
250
What is the remainder when 1520265 is divided by 12?
9
Calculate the remainder when 7253643 is divided by 40298.
3
Calculate the remainder when 19766936 is divided by 27.
20
What is the remainder when 92489 is divided by 5111?
491
What is the remainder when 139602 is divided by 1092?
918
What is the remainder when 2085803 is divided by 356?
355
Calculate the remainder when 2436411 is divided by 812132.
15
Calculate the remainder when 2669548 is divided by 49436.
4
Calculate the remainder when 9498193 is divided by 2374503.
181
Calculate the remainder when 16140686 is divided by 171.
167
What is the remainder when 1776693 is divided by 100?
93
Calculate the remainder when 55109487 is divided by 172757.
4
What is the remainder when 2015312 is divided by 565?
522
Calculate the remainder when 394185 is divided by 2001.
1989
What is the remainder when 208182701 is divided by 78?
77
What is the remainder when 48998497 is divided by 1075?
1072
Calculate the remainder when 483453 is divided by 1599.
555
What is the remainder when 2622792 is divided by 504?
480
Calculate the remainder when 18715836 is divided by 177.
33
What is the remainder when 4305051 is divided by 112?
107
What is the remainder when 17912 is divided by 1865?
1127
What is the remainder when 15722622 is divided by 3023?
3022
Calculate the remainder when 11908 is divided by 3871.
295
What is the remainder when 551133 is divided by 14895?
18
What is the remainder when 246611 is divided by 30795?
251
What is the remainder when 40329793 is divided by 122?
9
What is the remainder when 948947 is divided by 259?
230
Calculate the remainder when 250919 is divided by 695.
24
What is the remainder when 107006 is divided by 1523?
396
What is the remainder when